alculate the remainder when 778671 is divided by 16.
15
Calculate the remainder when 2013 is divided by 6.
3
Calculate the remainder when 18503 is divided by 9079.
345
Calculate the remainder when 1749 is divided by 1746.
3
What is the remainder when 2361 is divided by 1054?
253
Calculate the remainder when 101797 is divided by 19.
14
What is the remainder when 1091 is divided by 346?
53
Calculate the remainder when 25888 is divided by 8617.
37
Calculate the remainder when 250493 is divided by 503.
502
What is the remainder when 26409 is divided by 2929?
48
What is the remainder when 5481 is divided by 16?
9
What is the remainder when 32119 is divided by 73?
72
Calculate the remainder when 214918 is divided by 429.
418
What is the remainder when 14717 is divided by 96?
29
Calculate the remainder when 7173 is divided by 6086.
1087
What is the remainder when 56876 is divided by 6319?
5
What is the remainder when 16224 is divided by 1475?
1474
Calculate the remainder when 23297 is divided by 22.
21
Calculate the remainder when 20257 is divided by 1212.
865
Calculate the remainder when 2739 is divided by 14.
9
What is the remainder when 5234 is divided by 40?
34
What is the remainder when 123707 is divided by 183?
182
Calculate the remainder when 3504 is divided by 855.
84
Calculate the remainder when 10587 is divided by 3504.
75
What is the remainder when 2876088 is divided by 18?
12
What is the remainder when 2220 is divided by 333?
222
Calculate the remainder when 3164 is divided by 1566.
32
What is the remainder when 84628 is divided by 14094?
64
What is the remainder when 1399 is divided by 108?
103
What is the remainder when 3939 is divided by 666?
609
What is the remainder when 18175 is divided by 2271?
7
What is the remainder when 1769 is divided by 128?
105
What is the remainder when 20695 is divided by 42?
31
Calculate the remainder when 55083 is divided by 98.
7
Calculate the remainder when 22914 is divided by 4574.
44
Calculate the remainder when 272125 is divided by 58.
47
What is the remainder when 16107 is divided by 91?
0
What is the remainder when 14646 is divided by 1411?
536
What is the remainder when 1301825 is divided by 11?
8
Calculate the remainder when 20743 is divided by 1481.
9
Calculate the remainder when 17719 is divided by 399.
163
What is the remainder when 15690 is divided by 71?
70
What is the remainder when 93196 is divided by 295?
271
What is the remainder when 21677 is divided by 20?
17
What is the remainder when 18811 is divided by 553?
9
Calculate the remainder when 28951 is divided by 1449.
1420
What is the remainder when 4791 is divided by 1784?
1223
Calculate the remainder when 792 is divided by 346.
100
What is the remainder when 151998 is divided by 75965?
68
What is the remainder when 889 is divided by 427?
35
What is the remainder when 1604731 is divided by 384?
379
What is the remainder when 2914 is divided by 594?
538
Calculate the remainder when 1458 is divided by 5.
3
What is the remainder when 33075 is divided by 13?
3
What is the remainder when 7355904 is divided by 117?
114
Calculate the remainder when 71053 is divided by 54.
43
Calculate the remainder when 752709 is divided by 70.
69
What is the remainder when 39153 is divided by 53?
39
What is the remainder when 3034122 is divided by 135?
132
What is the remainder when 55058 is divided by 11?
3
What is the remainder when 4917 is divided by 2805?
2112
What is the remainder when 3261 is divided by 226?
97
Calculate the remainder when 6337 is divided by 162.
19
What is the remainder when 3437 is divided by 856?
13
What is the remainder when 4687 is divided by 161?
18
Calculate the remainder when 4147265 is divided by 1478.
1475
What is the remainder when 101612 is divided by 219?
215
Calculate the remainder when 1184 is divided by 175.
134
Calculate the remainder when 339099 is divided by 41.
29
Calculate the remainder when 10170 is divided by 1686.
54
What is the remainder when 5630 is divided by 549?
140
What is the remainder when 4912 is divided by 1973?
966
Calculate the remainder when 8756 is divided by 12.
8
What is the remainder when 838453 is divided by 527?
523
What is the remainder when 32755 is divided by 52?
47
Calculate the remainder when 22540 is divided by 1099.
560
What is the remainder when 5536 is divided by 1384?
0
Calculate the remainder when 222174 is divided by 106.
104
What is the remainder when 463 is divided by 78?
73
Calculate the remainder when 22006 is divided by 119.
110
What is the remainder when 3692 is divided by 242?
62
Calculate the remainder when 157490 is divided by 307.
306
What is the remainder when 240522 is divided by 314?
312
What is the remainder when 6623 is divided by 265?
263
What is the remainder when 42776 is divided by 49?
48
What is the remainder when 9948 is divided by 123?
108
What is the remainder when 91895 is divided by 741?
11
Calculate the remainder when 26725 is divided by 24.
13
Calculate the remainder when 890119 is divided by 476.
475
What is the remainder when 733151 is divided by 733136?
15
What is the remainder when 59511 is divided by 273?
270
Calculate the remainder when 12930 is divided by 177.
9
Calculate the remainder when 28685 is divided by 38.
33
Calculate the remainder when 1070 is divided by 7.
6
What is the remainder when 18793 is divided by 138?
25
What is the remainder when 112224 is divided by 145?
139
What is the remainder when 25117 is divided by 186?
7
What is the remainder when 258629 is divided by 1165?
1164
What is the remainder when 3494 is divided by 1620?
254
What is the remainder when 147263 is divided by 118?
117
Calculate the remainder when 37827 is divided by 163.
11
Calculate the remainder when 7001 is divided by 2331.
8
Calculate the remainder when 3091250 is divided by 15.
5
What is the remainder when 19885 is divided by 360?
85
Calculate the remainder when 2565 is divided by 67.
19
Calculate the remainder when 21968 is divided by 79.
6
What is the remainder when 3378235 is divided by 41?
40
What is the remainder when 4045 is divided by 193?
185
What is the remainder when 226162 is divided by 21?
13
Calculate the remainder when 13240 is divided by 599.
62
Calculate the remainder when 4866 is divided by 124.
30
What is the remainder when 633 is divided by 48?
9
What is the remainder when 43495 is divided by 91?
88
What is the remainder when 3149069 is divided by 8?
5
Calculate the remainder when 4268 is divided by 206.
148
What is the remainder when 33692 is divided by 16828?
36
What is the remainder when 25573 is divided by 46?
43
Calculate the remainder when 220746 is divided by 116.
114
What is the remainder when 216181 is divided by 69?
4
Calculate the remainder when 94949 is divided by 30.
29
What is the remainder when 2524 is divided by 149?
140
What is the remainder when 29893 is divided by 230?
223
What is the remainder when 15189 is divided by 130?
109
Calculate the remainder when 66131 is divided by 103.
5
What is the remainder when 2288 is divided by 267?
152
What is the remainder when 383776 is divided by 63962?
4
What is the remainder when 14992 is divided by 4930?
202
What is the remainder when 2432 is divided by 2312?
120
What is the remainder when 539172 is divided by 107?
106
Calculate the remainder when 105333 is divided by 8.
5
Calculate the remainder when 43505 is divided by 21748.
9
What is the remainder when 438929 is divided by 141?
137
What is the remainder when 769598 is divided by 5?
3
Calculate the remainder when 83149 is divided by 122.
67
Calculate the remainder when 43751 is divided by 14272.
935
Calculate the remainder when 3683 is divided by 12.
11
What is the remainder when 413847 is divided by 144?
135
Calculate the remainder when 191367 is divided by 432.
423
Calculate the remainder when 5026497 is divided by 1117.
1114
Calculate the remainder when 12882 is divided by 4291.
9
What is the remainder when 6499 is divided by 302?
157
What is the remainder when 115168 is divided by 9597?
4
Calculate the remainder when 1118 is divided by 233.
186
What is the remainder when 1895 is divided by 250?
145
What is the remainder when 41661 is divided by 336?
333
Calculate the remainder when 105990 is divided by 69.
6
What is the re